/((-9)/(-1335))*(-30)/75?
6
What is the remainder when 2421 is divided by -3 + 200/72 + 11680/72?
153
Suppose 5*b - 75 = 113*i - 109*i, 3*b = 5*i + 32. Calculate the remainder when 945 is divided by b.
14
Let r = 5 + -3. Suppose -r*n = a - 16, a - 28 = -n - 8. What is the remainder when a is divided by 17?
7
Suppose 0 = 12*d - 22 - 314. Suppose 25*q - d*q = f - 142, -5*f - 58 = -q. What is the remainder when q is divided by 10?
8
Let z(h) = 2*h**2 - 4*h + 175. Let g be z(0). Let o = 223 - g. Suppose 3*a + 116 = 4*v, -4*v = -4*a - 43 - 77. Calculate the remainder when o is divided by v.
22
Suppose 5*z - 4*l = 34, -l - 11 = -2*z - 2*l. Calculate the remainder when (-8 - (-15 - 0)) + 5 + 149 is divided by z.
5
Let b(v) = -4*v**2 + 75*v. Calculate the remainder when b(16) is divided by 161.
15
Let x = -26153 - -26237. What is the remainder when x is divided by 14?
0
Suppose -2*b + 327 = 3*a, 3*b + 6*a = a + 493. Let x = b - 148. Let k = 2 + 4. What is the remainder when x is divided by k?
2
Let o = 381 - 261. Let w(g) = 4*g**2 + 10*g + 1. Calculate the remainder when o is divided by w(-4).
20
Let o = 134 - 66. Let a(n) = 9*n - 135. Let y be a(21). Suppose y*t - 35*t - 266 = 0. What is the remainder when o is divided by t?
12
Suppose 2*p + 3 = -79. Let z = p + 75. What is the remainder when 67 is divided by z?
33
Suppose -191 = -4*r + 33. Let j(o) = o**2 + 466*o + 30903. What is the remainder when r is divided by j(-80)?
10
Suppose -30*m - 36 + 209 = -217. What is the remainder when 1410 is divided by m?
6
Let f(u) = u**2 - 1. Let h(n) = 10*n**3 + n**2 - 2*n + 3. Let m be h(1). Suppose 3*v - m = 102. What is the remainder when v is divided by f(3)?
6
Suppose -4*g - 430 = -5*r, -3*r + 67 = -2*r + 3*g. Let j = -94 + r. What is the remainder when 20*(-18)/j - (0 - -1) is divided by 13?
3
Suppose -5*s = -3*u + 1294, 4*u - 3*s + 6*s - 1764 = 0. Calculate the remainder when u is divided by 79.
43
Let r(z) = z**3 - 3*z**2 - 2*z + 23. Let i(d) = -2*d**3 + 5*d**2 + 3*d - 47. Let h(j) = -4*i(j) - 7*r(j). Calculate the remainder when 53 is divided by h(0).
26
Let x = -1076 - -1090. Calculate the remainder when 98 is divided by x.
0
Let x(s) = 16*s + 67. Let d be x(-4). Let y(f) = 16*f**2 + 3*f - 31. Calculate the remainder when y(d) is divided by 9.
5
Calculate the remainder when (5 + -2 + 537 + 2)*(-75 - -76) is divided by 47.
25
Let f be -6*(14/(-4) - (-3 + 0)). Suppose 0 = -f*c + 6*c - 255. Suppose 20 = 4*m, n - 2 - 17 = 2*m. What is the remainder when c is divided by n?
27
Let d(l) = 36*l**2 - 2*l. Let f be d(-2). Suppose 54 = -147*k + f*k. Calculate the remainder when k is divided by 8.
6
Suppose i + 4 - 6 = 0. Suppose -i*x + 5*p + 82 = 0, -134 = -4*x - 6*p + p. Suppose 5*y + 4*y = x. What is the remainder when 11 is divided by y?
3
Let w(a) = -a - 1. Let p(x) = -3*x**2 + 5*x + 8. Let c(f) = -p(f) - 4*w(f). What is the remainder when c(4) is divided by -2*(225/6)/(-5)?
10
Let s = 148 - 144. Suppose w = -3*w + 224. Suppose 0*p - s*p = -w. Calculate the remainder when 111 is divided by p.
13
Let z(y) = -6*y - 2. Suppose 0 = -105*s + 101*s - 4*j + 612, -5*j = 4*s - 613. What is the remainder when s is divided by z(-3)?
8
Suppose 2*p = 10*p - 888. Let k = -77 + p. Suppose -6 - 14 = -4*s. What is the remainder when k is divided by s?
4
Let x(w) = -2*w + w**3 + 16*w - 11*w - 6 + 4*w**2 - 28*w. Calculate the remainder when 175 is divided by x(-7).
21
Let c(d) = 28*d - 769. What is the remainder when c(33) is divided by 79?
76
Suppose 0 = -5*u, c + 2*u = 22 - 10. Calculate the remainder when 240/c*22/5 is divided by 25.
13
Let g = 14 - -136. Suppose -3*u = -13*u + g. Calculate the remainder when 133 is divided by u.
13
Calculate the remainder when 3309 is divided by 4/10 + 16/(-65) + 18690/2730.
5
Suppose 14 = 25*a - 36. What is the remainder when 217 is divided by a?
1
Let t be 0 + (8 - 7)/((-2)/(-4)). Suppose 18 - t = 4*l. What is the remainder when 75 is divided by 43 + -3 - (-1 - (1 - l))?
37
Suppose 69*j - 10911 = 1026. Calculate the remainder when j is divided by 6.
5
Let m = 8787 + -8713. Calculate the remainder when 808 is divided by m.
68
What is the remainder when 0 - ((-29962)/14 + 1 + (-84)/98) is divided by 143?
138
Let i be 218 - (8/(-14) + (-60)/140). Let l = i - 109. Suppose -4*h - 4 + 80 = 0. Calculate the remainder when l is divided by h.
15
Let j = 157 - 44. Let v = 35 - j. Let q = -48 - v. What is the remainder when 88 is divided by q?
28
Let c(u) = -8*u**3 - 32*u**2 - 6*u - 36. Suppose 3*n - 270 = -75. What is the remainder when c(-5) is divided by n?
64
Suppose 5*w - 32 = 3*w. Let s be ((-5168)/(-102))/(6/(-45)). Calculate the remainder when ((-192)/(-480))/((-2)/s) is divided by w.
12
Let y(r) = r**2 - 5*r - 3. Let a be (-1)/(21/3) + 171/21. What is the remainder when y(a) is divided by 7?
0
What is the remainder when 168/32*-23*-4 is divided by 171?
141
Suppose -y + 4*y = 33. Let s = -51595 + 51792. Calculate the remainder when s is divided by y.
10
Let t = 32622 + -11493. Calculate the remainder when t is divided by 17.
15
Let g be ((-24)/7 + 4)*(-28)/(-8). Let s be (5 - 1) + (1 - 0). Suppose 4*r + r = 5, s*r - 29 = -g*u. Calculate the remainder when 82 is divided by u.
10
Let r be 9 + ((-18)/3 - -4). Suppose -4*w + 1 = -r. Suppose -w*o + 69 = -33. What is the remainder when o is divided by 27?
24
Let z be (-203)/4 - (-10)/((-160)/(-12)). Let s be (-318)/(-10) - 10/z. Let m = 21 + s. Calculate the remainder when m is divided by 14.
11
Suppose -1125 = -271*t + 268*t. Calculate the remainder when t is divided by 72.
15
Let h = 911 - 503. What is the remainder when (h/3 - 1)*1 is divided by 11021/309 + (-2)/3?
30
Suppose 0 = -4*m + 8. Suppose -m*g = -10*g + 672. What is the remainder when g is divided by 3?
0
Let o(i) = -2*i**3 + 4*i**2 + 4*i + 2. What is the remainder when 17/(((-2)/8)/(-1 + 0)) is divided by o(-2)?
16
Let q(l) = l**3 - 3*l**2 - l - 7. Suppose 2*b + b - 12 = 0. Let k be q(b). Suppose 3*c - 7 = k. Calculate the remainder when 15 is divided by c.
3
Suppose 0 = -s + 4, f = 4*s - 3*s - 25. Let o = -12 - f. What is the remainder when o is divided by 6?
3
Let u be 0/(-1*3/(-3) - 2). Let b(i) = -i**2 - i. Let d be b(u). Calculate the remainder when (0 + -7)/(d + -1) is divided by 7.
0
Let c be -3 + (2/(-17) - (-13236)/(-204)). Let i = c - -77. Suppose 4*d - 5 - 235 = 0. Calculate the remainder when d is divided by i.
6
Let i be ((-10)/(-25) - -2)/((-6)/(-260)). Let u = -8 - -14. Suppose 5*x = 2*m - 0*x - i, -u = 3*x. What is the remainder when 281 is divided by m?
46
Let h(n) = -n**3 - 30*n**2 + 20*n - 39. Let c be h(-28). Calculate the remainder when (c/(-44) - (-2)/(-8)) + 2 is divided by 18.
15
Suppose 2*t - 5*u = 19, 0*t - 3*u = 4*t + 1. Suppose -5*k + 37 = 4*c - c, c - 14 = -t*k. Calculate the remainder when 85 is divided by (c/6)/(10/45) - -26.
27
Let k = 1017 + -989. What is the remainder when 312 is divided by k?
4
Let l(h) = -h**3 + 10*h**2 - 4*h - 12. Let a be l(9). Suppose -2*c = -269 + a. Let w = 37 - 13. What is the remainder when c is divided by w?
22
Suppose 28*r - 24*r - 504 = 0. What is the remainder when 144 is divided by (-68)/(-51)*r/8?
18
Suppose -13*a - 3*u = -9*a - 604, -4*u = a - 138. Calculate the remainder when a is divided by 28.
14
Suppose -4*r + 9*s = 8*s - 1148, -2*r - 5*s = -574. What is the remainder when r is divided by 111?
65
Let x(v) = -8*v**3 + v**2 + 2*v - 2. Let f be x(1). What is the remainder when 14 is divided by (f - -7 - -6) + 3?
5
Suppose 0 = 160*r - 161*r + 99. Suppose 109 = -5*h - 36. Calculate the remainder when r is divided by h/(-1) + (2 - 6).
24
Suppose y - 67*y = -250 - 1598. What is the remainder when 302 is divided by y?
22
Suppose 1921 + 852 = 47*l. Calculate the remainder when 390 is divided by l.
36
Suppose 3*z - 4*d = 214, -z - 3*z - 2*d + 300 = 0. Calculate the remainder when 76 is divided by z.
2
Suppose 0 = 20*r - 25*r - 20. Calculate the remainder when (-1)/r + 597/12 + 2 is divided by 7.
3
Suppose 5 = w, -82*z = -85*z + 4*w + 742. What is the remainder when z is divided by 82?
8
Suppose 0 = i + 2, -5*k - 12*i + 15 = -7*i. Suppose q + r - k*r - 24 = 0, -4*q = 3*r - 153. What is the remainder when 214 is divided by q?
34
Suppose 109*z - 89*z - 246240 = -220*z. Calc